ppose 46 + 3 = j. Let m = -45 + j. Calculate y(m).
6
Let l(j) = 4*j + 2*j**2 + 33 - 65 - j**2 + 0*j + 27. Let u = -13 - -7. Give l(u).
7
Let k(l) = -l + 6. Let b be k(8). Let x(j) be the second derivative of j**4/6 + j**3/6 + 3*j. Let a(h) = -2*h**2 - h. Let r(n) = 4*a(n) + 5*x(n). Give r(b).
6
Let l be (-160)/(-30) - 2/6. Let h(v) = -7*v**3 + 13*v**2 - 7*v + 5. Let c(j) = -11*j**3 + 20*j**2 - 11*j + 8. Let f(w) = l*c(w) - 8*h(w). What is f(3)?
-6
Let y(w) = 2*w - 9. Let o(u) = -u + 4. Let k(p) = -9*o(p) - 4*y(p). Suppose 2*c - 14 = -4*t + 5*c, 3*t = -3*c. Suppose t*l = -l - 9. Give k(l).
-3
Let o(l) = l**3 + 2*l + 2. Let h(a) = -a**3 + 5*a**2 - a - 1. Let g(q) = -h(q) - 2*o(q). Determine g(-4).
-7
Suppose -3*y + 0*l = -4*l - 14, 0 = -4*l + 4. Let d(x) = 2*x**2 + 5*x**2 + x**2 + 5 - 9*x - x**3. What is d(y)?
23
Let p(b) = -b**3 + 6*b**2. Let c be p(6). Suppose 0 = 3*i + 2*j, -2*i = -i - 2*j. Let g(r) = 19*r + 6 - 20*r + i*r**2 - r**2 + 0*r**2. Determine g(c).
6
Let a be ((-65)/26)/(((-3)/3)/(-2)). Let h(m) be the third derivative of -m**5/60 - 7*m**4/24 - 2*m**3/3 + m**2. Give h(a).
6
Let w be (-146)/(-24) + (-425)/60 + 7. Let g(p) = -p**3 + 7*p**2 - 3*p + 1. Give g(w).
19
Let z be -1 + 0 + (-12 - -4). Let j(f) = 2*f**2 + 22*f + 38. Determine j(z).
2
Let o(h) = 12*h + 3. Let z = 1433 + -1435. Calculate o(z).
-21
Let m be 2/8 + (-15)/(-4). Suppose -2*b + 0*b = -m*f - 18, -5*b + 19 = 3*f. Let v(j) = -j**2 + 2*j + 3. What is v(f)?
-5
Let v(t) = 2*t - 6. Let m = 34 + -33. Let a be 1 + 3 - (-1)/m. Determine v(a).
4
Let z(f) be the first derivative of -f**4/2 + f**3/3 - 38. Calculate z(-1).
3
Let f(q) = -32*q**3 + 2*q**2 - 2*q + 1. Let g(b) = 2*b**3 - 35*b**2 + 47*b + 17. Let i be g(16). Calculate f(i).
-31
Suppose 0 = -3*d + 1 + 5. Let f(n) = 4*n - 9 + 5*n - 2*n - n**d. Determine f(6).
-3
Let b(f) = -10*f - 4. Let r(h) = -12*h - 4. Suppose -5*o - s + 29 = 0, 3*o - s - 6 = o. Let a(k) = o*b(k) - 4*r(k). What is a(-6)?
8
Suppose -5*p + 6*p - 2 = 0. Suppose -p*f + 3*f - 5 = 0. Suppose -3*c = -f*z + 9, -1 - 8 = 3*c + 5*z. Let d(m) = -2*m - 3. What is d(c)?
3
Suppose -b = 4*b - 120. Let k = -20 + b. Let g(s) = s**3 - 4*s**2 - 1. Give g(k).
-1
Let c(w) = -12*w + 10. Let x(d) = -5*d + 6. Let g(q) = -2*c(q) + 5*x(q). Calculate g(9).
1
Let o = 9 + -4. Let a(d) = -d - 1. Let f(y) = -15*y - 7. Let m(t) = -t - 1. Let l(q) = f(q) - 6*m(q). Let z(n) = 6*a(n) - l(n). Calculate z(o).
10
Let o(z) be the third derivative of 23*z**6/60 - 3*z**2 + 171. What is o(-1)?
-46
Let z(m) = 9*m**2 - 4*m - 15. Let k(t) = -11*t**2 + 3*t + 17. Let h(f) = -5*k(f) - 6*z(f). Give h(-8).
-3
Let u = 21 + -17. Suppose 23 = u*v - 3*a, 4*v + a = -v + 5. Let h(x) = v - 2*x + x - 2*x + x. Determine h(3).
-4
Let s(x) = 2*x - 9. Let v = -3 - -9. Let m be s(v). Let f(b) = 4*b - 2. What is f(m)?
10
Let z(k) = k + 2. Let p = 36 - 18. Let y = p + -21. Give z(y).
-1
Let f be (-16*(-1)/(-12))/(4/(-3)). Let k(l) = 3*l**2 + 2*l - 2. Calculate k(f).
3
Let t(q) be the second derivative of 1/6*q**3 + 0 - q + 1/2*q**2. Determine t(4).
5
Let w(a) = -a**2 + 8*a - 7. Let o(x) = -x**3 - 4*x**2 + 4*x + 1. Let y be o(-5). Suppose -4*t = f - 17, 0 = 2*t - y - 0. What is w(f)?
8
Let u(i) = 0*i + i**2 + 0 - i - 2. Let n = -106 + 207. Suppose -n*l = -104*l - 6. Calculate u(l).
4
Let s = -7 - -10. Let n(x) = 9*x**3 + 4*x**2 + 12 - 13 - s*x**2. What is n(-1)?
-9
Let x(k) = k**2 - 7*k + 6. Let d be x(5). Let t = d + 4. Let i(m) = -6 + m + 0 - 4. What is i(t)?
-10
Let y(l) be the third derivative of 1/120*l**6 - 1/3*l**4 + 3*l**2 + 4*l + 1/10*l**5 - 4/3*l**3 + 0. Give y(-7).
-1
Let m(a) be the second derivative of -7*a**4/12 + a**3/6 + a**2/2 - a. Suppose -r = 0, -2*r = 5*q - 10 - 10. Suppose q*t - 20 = -24. Give m(t).
-7
Let s be (3/9*15)/1. Let r = -9 + s. Let t(p) = p**2 + 6*p + 3. Calculate t(r).
-5
Let a(u) = -u**3 - 12*u**2 - 12*u - 5. Let z be a(-11). Let t(l) = -2*l + l - z + 4*l. Give t(4).
6
Suppose 3*f + 6 = 3*h - 2*h, 14 = 3*h - 5*f. Let o(c) = 2*c + 1 - 3*c**h + 1 + 4*c**2 + 0*c - 5*c. Determine o(2).
-12
Let d(m) = -m**2. Suppose 4*s = 9*s - 155. Suppose -4*b = 61 + s. Let o = b - -24. Give d(o).
-1
Let s(a) = a**2 - a. Let m(h) = h**2 - h + h**2 - h**2 - 6. Let r(q) = -m(q) + 2*s(q). Give r(0).
6
Suppose -5*h = -10 - 0. Let p(t) = -2*t**3 + 4*t**2 - 2*t + 4. Let j(s) = 4*s**3 - 8*s**2 + 4*s - 9. Let a(x) = -4*j(x) - 9*p(x). Calculate a(h).
4
Let z(m) = 3*m. Suppose -4*s + 7 = -13, 4*s = -4*r - 64. Let y = -26 - r. Calculate z(y).
-15
Let d = 576 - 323. Let y be (-2 + 4)*d/22. Suppose 4*q - 2*r = 22, 5*r = 3*q - q - y. Let p(z) = z. Calculate p(q).
4
Let u be -1*((-8)/(-2))/(12 - 14). Let z(w) = 0 - w - u*w**2 - 1 + 2 - w**3 + 1. Determine z(-2).
4
Let m(k) be the second derivative of -k**3/3 - k**2 - 2*k. Let v be m(-4). Let y(j) = -v + 2*j**2 + 6*j - 3 + 3 - j**2. Calculate y(-5).
-11
Let v(n) = -n**3 - 8*n**2 + 19*n - 2. Let s be v(-10). Suppose 5*o - 32 = s. Let r(g) = -g**3 + 7*g**2 + 10*g - 7. Determine r(o).
9
Suppose d = 2*z - 0*z + 5, 2*d = -5*z + 10. Let j(y) = 6*y + 2*y**3 - 3*y**3 + 7 - 2 - 10 + 4*y**2. What is j(d)?
0
Let u(l) = -7*l**2 - 20*l**3 - 11 + 18*l**2 + 19*l**3. Calculate u(11).
-11
Suppose -80 = 123*b - 143*b. Let q(z) = -3*z + 21. What is q(b)?
9
Suppose 2*u - 9*u - 35 = 0. Let t(s) be the second derivative of -s**4/12 - 2*s**3/3 - s**2/2 - s. Calculate t(u).
-6
Let y = -21 + 8. Let c(t) = 7*t**2 - 2*t + 9. Let g(j) = -15*j**2 + 5*j - 19. Let m(z) = y*c(z) - 6*g(z). Give m(-5).
-8
Let s(a) = -14*a + 31. Let q(t) = 12*t - 30. Let v(y) = -5*q(y) - 4*s(y). What is v(7)?
-2
Let u(z) = 4*z**3 + z**2 - 1. Let r(m) = m**2 - 23*m + 113. Let q be r(7). Determine u(q).
4
Let g(u) = -u - 3. Let q = 25 + -39. Let i = 11 + q. Let z = -7 - i. Calculate g(z).
1
Let z(v) = -5 - 5 + 4 + v + 2. Calculate z(-6).
-10
Let q(n) = n - 12. Let f(s) = -s + 21. Let m(y) = 6*f(y) + 11*q(y). What is m(7)?
29
Let r(f) = -f**3 + 5*f**2 - 6*f + 2. Suppose 3*n - n = 3*n. Suppose 3*c + 25 = 4*p, p + n*c - 2*c = 10. Calculate r(p).
-6
Suppose 3*b = -g + b - 16, g - b + 7 = 0. Let t be (-2)/g - 1*(-18)/(-15). Let v(j) = -9*j**2. Determine v(t).
-9
Suppose -7*r = 5*o - 8*r - 7, -3*o = -2*r. Let t(j) be the third derivative of 0*j + 1/120*j**6 - 4/3*j**3 - 3/8*j**4 + 6*j**o + 0 + 1/12*j**5. Calculate t(-6).
10
Let f(i) be the first derivative of -5*i**2/2 + i - 276. Suppose -2 = -y - 4. Give f(y).
11
Suppose 6*o + 117 = 19*o. Let t(f) = o - 57*f + 106*f - 54*f. What is t(6)?
-21
Suppose 5*l + 45 = -3*x, -2*l - l - 4*x = 27. Let j be (3/(l/(-2)))/((-12)/90). Let n(u) = u**3 + 6*u**2 + 4*u + 5. Determine n(j).
10
Let g(t) be the second derivative of 1/20*t**5 - 1/4*t**4 + 0 - 9*t + 3/2*t**2 - t**3. Calculate g(4).
-5
Suppose -2*p - 3*b + 17 = 0, 83*p = 82*p + 3*b + 4. Let x(y) = y**2 - 7*y + 7. Give x(p).
7
Suppose 4*g = 3*o + 3, -17 = 4*g + 2*o - o. Let a(r) be the second derivative of 1/2*r**2 - 1/3*r**3 + 0 - 10*r. Calculate a(g).
7
Let k(q) = -6*q - 1. Let a be (-4)/6 - (-11)/(-33). Let t be k(a). Let x(w) = 2*w + 7. Let g(o) = -3*o - 7. Let m(h) = -3*g(h) - 4*x(h). Calculate m(t).
-2
Let s(k) = -2*k - 2. Suppose 87 + 573 = 10*c. Suppose -4*x + 15*x + c = 0. Calculate s(x).
10
Let u(c) = -9*c**2 + 8*c - 26. Let q(o) = 11*o**2 - 6*o + 27. Let g(i) = -4*q(i) - 5*u(i). Determine g(13).
-17
Let n(m) be the second derivative of m**4/6 + 5*m**3/6 + 5*m**2/2 + m. Let y = 89 - 83. Let w(u) = u**2 - 13*u + 38. Let x be w(y). Determine n(x).
17
Let a = 74 - 73. Let q(p) = -6*p**3 - 7*p**2 - 5. Let r(i) = 3*i**3 + 3*i**2 + 2. Let h(w) = -2*q(w) - 5*r(w). Give h(a).
-4
Let b(u) = -5*u - 22. Let d be b(-5). Let z(y) = 5*y**2 + 1 + 15*y**3 + y + 3*y**d - 4*y**2. Give z(-1).
-17
Let v(i) = -i + 1. Let x be v(-5). Suppose -2*y + 6 - 2 = 0. Let a(o) = 1 + 0 - y*o + o + 0. Calculate a(x).
-5
Suppose -2*d - 6 = 4*m - 4, 0 = -2*d + m + 13. Let r(y) = y**3 - 6*y**2 + 6*y - 11. Determine r(d).
-6
Let w be 3 + -7 - (1 + -8). Let u be 0 - (3/w - 5). Let h(v) = -u*v**2 + 1 + 2*v**2 - v + v**3 - v**2 + 2*v. Give h(3).
4
Let d = 24 + -20. Let g(s) = d + s - 1 - 6 + s**2. Suppose 7*x - 2*n = 2*x + 17, 3*n = -x. Give g(x).
9
Let o(i) = -3*i + 5. Let c(y) = -2*y. Let a be 4/(-24) - (-28)/24. Let l(q) = a*o(q) - 2*c(q). Determine l(-10).
